en 706 is divided by b?
82
Suppose 2*i = 4, 0 = 3*c - 5*c - 5*i + 52. Suppose 3*d = 191 - 8. Suppose 0 = 2*a - 4*s - 136, -2*a - s + 55 = -d. What is the remainder when a is divided by c?
18
Suppose -345*o + 6148 = -10836 - 266. Let p(c) = -40*c + 6. Calculate the remainder when p(-6) is divided by o.
46
Suppose 13534 = 10*b - 33246. Calculate the remainder when b is divided by 156.
154
Let t = 408 + -386. Let p be 0/((-1 - 1)*-1). Suppose y = -p*y + 6. What is the remainder when t is divided by y?
4
Suppose 13 = -5*w + 3*i, -5*w - i - 3 = -3*w. What is the remainder when 62 is divided by -57*5/(15/w)?
24
Suppose 6*y - y - 325 = 0. Suppose 4*r = -a + y, -3*r + 5*a + 20 = -0*r. What is the remainder when r is divided by 6/((40/(-12))/(-5))?
6
Suppose -3*h + 44 + 3 + 7 = 0. What is the remainder when 3562 is divided by h?
16
Suppose 0 = 5*b - 2*f - 12246, 5*b + f - 10924 = 1313. Calculate the remainder when b/21 + 6 - 4/7 is divided by 25.
22
Let x(r) = 2*r + 21. Let w be x(-10). Let d be w + (-2 - (-2)/(6/7383)). Suppose 0 = -10*v - 850 + d. What is the remainder when v is divided by 15?
11
Let b be ((-2)/(2 + -4))/((-6)/(-282)). Suppose -b*k = 6*k - 26394. Calculate the remainder when k is divided by 50.
48
Let z = 414 + -621. Calculate the remainder when (-5)/20 - z/12 is divided by 27/(-63) - 480/(-42).
6
Suppose -6 - 63 = -c. Let q = -41 + c. Calculate the remainder when q is divided by 2/19 - (4832/(-304) + 0).
12
Suppose -3*r = 3*n - 18, 3*r - 14 = 2*n - 1. Suppose -937*k + 940*k - 141 = 0. Calculate the remainder when k is divided by (-33 - n)*(-1)/2.
13
Let h be (8/(-6))/(10/(-75)). Let a(w) = 2*w**3 - 19*w**2 - 7*w - 22. Calculate the remainder when 12 is divided by a(h).
4
Suppose -2028 = -2*o - 4*w, 1161 = o + 5*w + 174. Calculate the remainder when o is divided by 55.
42
Let v(q) = -29*q - 14. Suppose y + 0*s = -3*s - 7, 7 = -4*y - 5*s. Let f be v(y). Let z = 87 + f. Calculate the remainder when 71 is divided by z.
11
Suppose -3*f - 3*o = f - 315, 2*f = -3*o + 165. Suppose -5*l + 10*l - f = 0. Suppose -l*k = -11*k - 124. Calculate the remainder when 121 is divided by k.
28
Let x(g) = 1111*g**2 - 98*g - 99. Calculate the remainder when x(-1) is divided by 111.
0
Let i = 11075 + -10108. What is the remainder when i is divided by 44?
43
Let n be 1*(-45)/9 - 671/1. Let l = n + 752. What is the remainder when l is divided by 63?
13
Let b = 68 - 66. Suppose 0 = -0*z + 4*z - 20, -b*z = 2*d - 50. What is the remainder when 74 is divided by d?
14
Let b(a) = -a**3 + 6*a**2 + 4*a - 3. Let c be b(5). Let k be (c/28)/((-2)/4). What is the remainder when 9 + (k - -4) + 0 is divided by 4?
2
Let n(c) = 4*c**2 + 14*c + 27. Let r be n(-8). Let v = r - 135. What is the remainder when v is divided by 15?
6
Suppose 0 = 5*b, 3*s - 440 = -b - 83. What is the remainder when s is divided by 2 + (22/(-8))/(29/(-232))?
23
Suppose 3*g + g + c = 17, 3*c = -g + 18. Suppose -q + 24 = -3*h - 2*q, -h - g*q - 8 = 0. What is the remainder when 39 is divided by -2*21/h + 2/(-8)?
4
Let f(s) = s + 1. Let u be f(3). Suppose 3*n + 2*q - 18 = 0, 4*n - u*q - 47 = q. Let x = 131 - 85. Calculate the remainder when x is divided by n.
6
Let v = 41576 + -41524. What is the remainder when v is divided by 1/(4/(-2))*-32?
4
Suppose 83 - 895 = -4*v + 3*w, 0 = 2*v + 3*w - 406. What is the remainder when 214 is divided by v?
11
Calculate the remainder when 744 is divided by (-2)/(-12) - (-476)/(-60)*(-100)/40.
4
Suppose 3*q + 228 = 3*i, -5*i + 176 = -q - 192. Let y(r) = -3*r**2 - 3. Let p be y(3). Let k = p + 49. What is the remainder when i is divided by k?
16
Let w(s) = -5 + 0*s + 0*s + s + 26. Let x = -319 - -313. Calculate the remainder when w(x) is divided by 7.
1
Let p = 4 - -9. Let a(v) = v**3 - v**2 - 2*v + 2. Let b be a(2). What is the remainder when (b - 0/(-4)) + 59 + 2 is divided by p?
11
Let l(o) = -4*o**2 - 180*o - 278. Calculate the remainder when l(-18) is divided by 165.
16
Let m(x) = 9*x**2 - 23*x - 113. Suppose 0 = 4*q - 16*q + 708. What is the remainder when m(-4) is divided by q?
5
Let p(j) = 78*j + 29. Let b be p(-2). Let a = b - -196. Let r(z) = z**3 + 8*z**2 + 4*z + 3. Calculate the remainder when a is divided by r(-7).
21
Let d(n) = 51*n - 3283. What is the remainder when 932 is divided by d(68)?
7
Let i = -6330 - -9959. What is the remainder when i is divided by 227?
224
Let w = -116 - -375. Suppose -19*p + w + 292 = 0. What is the remainder when p is divided by 20?
9
Let z(y) = -4*y - 4. Suppose 0 = -n + 4 - 5, 12 = -4*s + 4*n. Let o be z(s). What is the remainder when 89 is divided by o/(-28) + 0 + 387/21?
17
Let x(y) = 283*y**3 - 5*y**2 + 34*y - 51. Calculate the remainder when x(4) is divided by 10.
7
Suppose -159 + 27 = -4*w. Suppose -2*k = -176 + 54. Calculate the remainder when k is divided by w.
28
What is the remainder when 2351*3/(-9)*-15*(-2)/(-10) is divided by 52?
11
Suppose 0 = -3*w + 7 + 11. Let l be 77/3 + 2/12*-4. Suppose 5*h + 10 = 0, h = -y + 1 + l. Calculate the remainder when y is divided by w.
4
Suppose 3*q + 4*v = 9, 0 = -2*q - q - 5*v + 9. Suppose -205*f = 7*z - 206*f - 627, 6*z - 3*f = 531. What is the remainder when z is divided by q?
0
Suppose 4*d = 4*n + 464, -696 = -6*d + 5*n - 6*n. What is the remainder when d is divided by 41?
34
Let y(l) = -11*l + 7 + l + 6 + 7*l. Let g be y(3). Suppose g = r - 14. What is the remainder when 28 is divided by r?
10
Let f(w) = 252*w - 175. What is the remainder when 2451 is divided by f(1)?
64
Let v(t) = 40*t**2 + 214*t + 97. What is the remainder when 146 is divided by v(-5)?
11
Let i(y) = -2*y**3 + 14*y**2 - 4*y + 33. Calculate the remainder when 223 is divided by i(7).
3
Let l be (2752/14)/2 - 6/21. Suppose -l = -3*s - 56. Calculate the remainder when (-15)/5 - (0 - s*2) is divided by 10.
5
Suppose 28*m - 29*m + 106*m = 630. Calculate the remainder when 20/(-6)*96/(-4) is divided by m.
2
Let w = 4653 - 3315. Calculate the remainder when w is divided by 53.
13
Let f = -65 + 69. Suppose 0 = -m - 3, 2*s + 4 = -2*s - f*m. Suppose s*b - 76 = -2*b. What is the remainder when b is divided by 4?
3
Suppose -12*k - 1166 + 7078 = 320. Calculate the remainder when k is divided by 37.
22
Suppose 5*h - 55 = -3*r, -3*r - 155*h = -151*h - 50. Calculate the remainder when 1183 is divided by r.
3
Suppose 4*k - j + 39 = 0, 2*k + 3*j = 6*j - 27. Calculate the remainder when 30 is divided by (-30)/(-18)*(k - -4 - -8).
0
Suppose -39*k - 10*k + 6*k + 13287 = 0. What is the remainder when k is divided by 95?
24
Let s(h) = h**3 + 21*h**2 - 46*h + 17. Let c = 183 - 206. What is the remainder when 61 is divided by s(c)?
10
What is the remainder when (12 - (14 - 5))/(-4*(-9)/276) is divided by (-4)/6 - 100/(-15)?
5
Suppose -4*h + 2*i - 99 = -i, 2*i + 22 = -h. Let m = 36 + h. Calculate the remainder when 44 is divided by m.
8
Suppose -4*x - 110 = 122. Let l be 9/(9/(-2)) + -29. Let y = l - x. What is the remainder when 80 is divided by y?
26
Let m(q) = -q**2 + 9*q - 13. Let n = -88 + 178. Suppose -2*t + n = 3*t. Calculate the remainder when t is divided by m(4).
4
Suppose 24*m - 42821 = -36605. Let f be 2/(-3)*-1*9. What is the remainder when m is divided by ((-52)/f)/((-1)/6)?
51
Suppose 46 = 3*m - 5*l, 57 = 3*m - 4*l + 10. Let y(d) be the first derivative of 4*d**3/3 - 2*d - 20. Calculate the remainder when y(4) is divided by m.
11
Let g(s) = 55*s**2 - s - 18. Let h be g(4). Let m = h + -800. Calculate the remainder when m is divided by 18.
4
Suppose -93*c = -55*c - 152. Let t(u) = u**3 - 3*u**2 - 5*u - 10. What is the remainder when t(5) is divided by c?
3
Let q = 44 - 24. Let t = -117894 - -117927. Calculate the remainder when t is divided by q.
13
Suppose -4*a + 234 = -2*p, 6*a - a = -3*p + 298. Suppose -33 = -62*w + a*w. Suppose h = 33 + w. Calculate the remainder when 129 is divided by h.
41
Suppose -27*y = -3*y - 1080. Suppose 4*j + y = t, -5*t + 66 = -5*j - 174. What is the remainder when 191 is divided by t?
44
Let m(u) = 89*u**2 + 5*u - 4. Let r be m(1). Suppose 2*c - 52 = r. Calculate the remainder when c is divided by 1/2 + 1786/76.
23
Suppose 3*d = -d + 56. Let j(o) = 10*o - 78. Let k be j(19). Let s = k - 15. Calculate the remainder when s is divided by d.
13
Suppose -5*u = -2*a + 37, -2*a - 2*u + 16 =